visor of 40 and f.
10
Suppose -165 = -9*f - 2*f. Suppose -f*d + 12*d = 0. Suppose -3*l - 2*l + 380 = d. What is the greatest common factor of 114 and l?
38
Suppose -7*j - 621 + 11863 = 0. Calculate the greatest common factor of 704 and j.
22
Let u = 4075 - 4052. Calculate the greatest common divisor of 529 and u.
23
Suppose 12*p + 800 = 22*p. Let o = -32 - -64. What is the greatest common factor of p and o?
16
Let c(s) = 2*s**2 + 3*s + 58. Let a be c(-5). What is the greatest common factor of 527 and a?
31
Let s be (-7 - -3 - -209) + (80 - 89). What is the highest common divisor of 64 and s?
4
Let r be (0 - 2)/((-2)/529). Let z be (((-267)/1869)/((-5)/161))/((-2)/(-10)). What is the greatest common divisor of r and z?
23
Let t be (2 - (1 + 3))/((-35)/3815). Suppose 2*c - t = 4*n, -3*n = 4*c - 2*n - 391. What is the greatest common factor of 11 and c?
11
Let h = 3011 + -2551. Calculate the greatest common divisor of 40 and h.
20
Let t be 2 - (((-133004)/10 - 0) + 68/170). What is the greatest common factor of t and 18?
18
Suppose 27*c = 2*c + 4625. Let i = -167 + c. Calculate the highest common factor of 15 and i.
3
Let f be (18/21)/(-1*3/(-21)). Let q be 15 - (21/49 + f/(-14)). Let o be ((-38)/10 - -3)*-150. What is the highest common factor of o and q?
15
Suppose -4*y + 1762 = c, -82*y + c = -81*y - 443. What is the greatest common divisor of y and 42?
21
Let b(u) = u**2 - 20*u + 297. Let t be b(9). Calculate the highest common divisor of t and 6.
6
Let s = -12068 + 12083. What is the greatest common factor of 1015 and s?
5
Let q(u) = -1467*u - 5337. Let a be q(-8). Calculate the greatest common factor of a and 79.
79
Suppose 0 = a - 7 + 3. Let w be 4/6 + a/(-6) - -50. Let p = w + -41. What is the greatest common divisor of 99 and p?
9
Let m = -16561 + 17302. What is the highest common divisor of 969 and m?
57
Suppose 0 = 2*u - 2*t - 176, -69 = -u - 4*t + 9. Suppose 0 = 15*s + u - 476. What is the greatest common divisor of s and 26?
26
Let o = 2898 + -2842. What is the highest common factor of 848 and o?
8
Let q = 1681 - 1538. Let x be 41 + (-6)/(-3) + -4. Calculate the highest common divisor of x and q.
13
Let a be 2 + -1 - (6 - 3)/3. Suppose a = 10*g - 7*g - 213. Let x = -44 + g. What is the greatest common divisor of 18 and x?
9
Suppose 6*s - 547 = 17. Let b = 98 - s. Calculate the greatest common factor of b and 100.
4
Let f(n) = 181*n**2 + 12*n + 25. Let x be f(-5). Suppose -x = -12*i + 310. Let m be -4 - (-13)/(52/i). Calculate the highest common divisor of 6 and m.
6
Suppose -4*b + 72 = -96. Suppose 38*i = b*i - 2360. Calculate the highest common divisor of 10 and i.
10
Suppose -7*k = -2*k - 4*p - 107, 5*k - 114 = 3*p. What is the highest common factor of k and 2079?
27
Suppose 2*o + 0*o = 16. Let x = -196 + 187. Let y be x/12 + 1 + (-93)/(-12). Calculate the greatest common divisor of o and y.
8
Let o = -197 - 12. Let c = -9 - o. Calculate the greatest common factor of c and 10.
10
Let f(z) = 20*z + 141. Let j be f(-6). What is the highest common divisor of j and 161?
7
Suppose -2*a + w = -w - 154, -5*a + 2*w = -397. Suppose 0 = -54*t + 22*t + 864. What is the highest common factor of a and t?
27
Suppose -26*q - 59 = -c - 2*q, -2*c + 71 = -q. Let t be 10/(((-6)/(-112))/3). Calculate the greatest common divisor of c and t.
35
Let k(b) = 13*b + 131. Let o be k(-12). Let p be 240/o + 9 + 1989/15. What is the greatest common factor of 220 and p?
44
Let n(p) = p**3 - 2*p**2 + 6*p - 4. Let c be n(4). Suppose z + 324 = 4*a - 1964, 3*a + 5*z = 1716. Calculate the greatest common factor of c and a.
52
Let x = 4 + -10. Let a(j) = -j + 12. Let k be a(x). Let f(d) = 20*d - 6. Let c be f(3). Calculate the greatest common divisor of c and k.
18
Let x = -126 - -2. Let d = -104 - x. Calculate the greatest common divisor of d and 4.
4
Let i = -205 - -920. What is the highest common factor of i and 220?
55
Suppose -25*a = -4664 - 661. Suppose -1610 = 199*y - a*y. Calculate the highest common factor of 345 and y.
115
Suppose -5*z + 186 = -59*u + 57*u, 0 = -5*z + u + 183. What is the greatest common factor of 288 and z?
36
Let p be (2 + 15/9)/(19/285). Let c be -5*7/(105/(-6)). Suppose g + 5*f - p = 0, -g - f = -c*g + 43. What is the greatest common factor of 36 and g?
9
Let c = -11480 - -28454. Calculate the greatest common divisor of 23 and c.
23
Suppose 255 = 3*d + 3*f, -2*d - f + 165 = 2*f. Suppose 27*m = 29*m - 20. What is the highest common divisor of d and m?
10
Suppose 13786 = 5*g + 3*v, -4*g + 12756 = -v + 1717. What is the highest common divisor of g and 155?
31
Suppose -10 = 4*q - 6*q. Let s be 84*(0 - q)/(-10). Let w = s - 34. What is the highest common factor of 72 and w?
8
Let k be 94/6*(-1209)/(-31). Calculate the highest common divisor of 13 and k.
13
Let i = -200 + 904. Calculate the greatest common divisor of 220 and i.
44
Suppose g = -3*m + 244, 3*g - 81*m + 80*m - 812 = 0. Calculate the greatest common factor of g and 156.
4
Suppose 55*q + 66*q = -169*q + 12470. What is the greatest common factor of 55427 and q?
43
Suppose -3*l = -x + 23, 0 = -l + 5*l + 2*x + 34. Let f(u) = 5*u**2 + 36*u - 14. Let t be f(l). What is the greatest common divisor of t and 522?
18
Let k = -3097 - -3127. What is the highest common factor of 2265 and k?
15
Let f be (192004/30 - 1) + (-346)/2595. What is the greatest common divisor of 158 and f?
79
Let u = 230055 + -229990. Let o(g) = 99*g - 9. Let p be o(6). What is the highest common divisor of p and u?
65
Suppose 13*y + 1236 = 9*y - 4*f, f - 4 = 0. Let m = -285 - y. Calculate the greatest common divisor of m and 12.
4
Suppose 105*k + 1425 = 120*k. Suppose -5*m + 5*u + k = 0, 2*m + m + 2*u - 42 = 0. What is the highest common factor of m and 464?
16
Let f(j) = -72*j + 231. Let m(s) = -9*s + 29. Let o(a) = -4*f(a) + 33*m(a). Let p be o(-18). Let i = -38 - -77. Calculate the highest common factor of i and p.
39
Let t be ((-5)/(-4))/((-20)/(-5152)). Calculate the highest common divisor of 8 and t.
2
Let g(q) = -38*q - 70. Let z be g(-2). Suppose -12950 = -41*j + z*j. Calculate the greatest common divisor of j and 74.
74
Let j(t) = t**3 - 10*t**2 + 6. Suppose 33 = -15*r + 183. Let h be j(r). Calculate the greatest common divisor of 18 and h.
6
Let a(s) = 14*s - 25. Let x be a(2). Suppose 4*d - x*m = 33, -4*d + 37 = -5*m - 2. Calculate the greatest common factor of d and 20.
2
Let w = -196 - -213. Suppose -8*b + 31 + w = 0. What is the greatest common divisor of b and 21?
3
Let f = 2914 - -31. What is the greatest common factor of 190 and f?
95
Suppose 0*c + 5*c - 3*j + 9 = 0, -j + 3 = -2*c. Let u be (-3)/21 + 128/14. Suppose c*h - 972 = -u*h. What is the greatest common factor of h and 72?
36
Let s(j) = j**3 - 3*j**2 - 10*j + 14. Let h be s(7). Suppose -5*m + 190 = -2*m + 2*f, -2*f - h = -2*m. What is the highest common factor of 22 and m?
22
Suppose -2*b = -14, 4*k - 222*b - 16757 = -221*b. Calculate the greatest common factor of 33 and k.
33
Let o be ((-32744)/10)/(-4) - (-10)/25. Let t = o + -686. What is the highest common factor of t and 7?
7
Let j = 3135 + -1386. What is the greatest common factor of 209 and j?
11
Let s be -1 + (-17)/(-7) - (-20)/35. Suppose 2*b - 40 = 4*i, 0 = -b + 2*b + s*i - 28. Calculate the greatest common divisor of 84 and b.
12
Let i be (-22)/(4 + (-136)/36). Let b be (i/12)/((-2)/40). Let c = b + -75. What is the greatest common divisor of c and 9?
9
Suppose 0*j + 150 = 4*j + 3*u, 3*j - 106 = u. Suppose -j = -4*b + 7*b. Let l be (b/(-15))/((-4)/(-120)). Calculate the greatest common factor of 3 and l.
3
Suppose 4*z = 10*z. Suppose z = -2*s - 24 - 230. Let i = s + 262. Calculate the greatest common divisor of 15 and i.
15
Suppose 5*u - 5 = 20. Suppose -16 = u*o - 86. Let l be (o - -172)*4/3. Calculate the highest common factor of l and 31.
31
Let d be 0*2/(-4)*-1. Suppose d = 8*i - 2*i + 330. Let z = 111 + i. What is the greatest common factor of 42 and z?
14
Suppose 5*w = c + 264 + 276, c = -5*w + 530. Let h = -97 + w. Calculate the highest common factor of 65 and h.
5
Let z(a) = -675*a + 3573. Let p be z(-22). Calculate the greatest common factor of 207 and p.
207
Let l(i) = i**3 + 12*i**2 + 82*i - 1124. Let u be l(6). Let t = 67 + 445. What is the highest common factor of